{"id":2752,"date":"2020-04-02T15:30:39","date_gmt":"2020-04-02T19:30:39","guid":{"rendered":"https:\/\/pembrokediocese.com\/?page_id=2752"},"modified":"2020-04-05T18:19:01","modified_gmt":"2020-04-05T22:19:01","slug":"brendan-m-obrien","status":"publish","type":"page","link":"https:\/\/pembrokediocese.com\/fr\/eveque\/brendan-m-obrien\/","title":{"rendered":"Monseigneur Brendan M. O&rsquo;Brien"},"content":{"rendered":"<h1>Monseigneur Brendan Michael O\u2019Brien, S.T.D.<\/h1>\n<h3>Biographie<\/h3>\n<p><img loading=\"lazy\" decoding=\"async\" class=\"wp-image-1527 size-full alignleft\" src=\"https:\/\/pembrokediocese.com\/wp-content\/uploads\/bishopmichaelobrien.jpg\" alt=\"\" width=\"201\" height=\"275\" \/><\/p>\n<p><strong>N\u00e9 : <\/strong>28 septembre 1943<strong><br \/>\nOrdonn\u00e9 pr\u00eatre\u00a0:<\/strong> le 1er juin 1968<br \/>\n<strong>Nomm\u00e9 \u00e9v\u00eaque de Numana\u00a0:<\/strong> le 9 mai 1987<br \/>\n<strong>Nomm\u00e9 \u00e9v\u00eaque auxiliaire d\u2019Ottawa\u00a0:<\/strong> le 9 mai 1987<br \/>\n<strong>Ordonn\u00e9 \u00e9v\u00eaque\u00a0:<\/strong> le 29 juin 1987<br \/>\n<strong>Nomm\u00e9 \u00e9v\u00eaque de Pembroke\u00a0:<\/strong> le 5 mai 1993<br \/>\n<strong>Install\u00e9 \u00e9v\u00eaque de Pembroke\u00a0:<\/strong> le 29 juin 1993<br \/>\n<strong>Nomm\u00e9 archev\u00eaque de St. John\u2019s\u00a0:<\/strong> le 4 d\u00e9cembre 2000<br \/>\n<strong>Nomm\u00e9 archev\u00eaque de Kingston\u00a0:<\/strong> le 1 juin 2007<br \/>\n<strong>Retraite\u00a0:<\/strong> le 3 mai 2019<\/p>\n<p>Monseigneur O\u2019Brien est n\u00e9 \u00e0 Ottawa, Ontario, le 28 septembre 1943. Il es l\u2019a\u00een\u00e9 de sept enfant de feu Redmond O\u2019Brien et de feue Margaret Foran.<\/p>\n<p>Il a fr\u00e9quent\u00e9 l\u2019Universit\u00e9 d\u2019Ottawa et l\u2019Universit\u00e9 Saint-Paul, Ottawa, Ontario, o\u00f9 il a obtenu ses dipl\u00f4mes en philosophies et th\u00e9ologies.<\/p>\n<div id=\"attachment_1535\" style=\"width: 248px\" class=\"wp-caption alignright\"><img loading=\"lazy\" decoding=\"async\" aria-describedby=\"caption-attachment-1535\" class=\"wp-image-1535 size-full\" src=\"https:\/\/pembrokediocese.com\/wp-content\/uploads\/bishop-obrian-with-JPII.png\" alt=\"\" width=\"238\" height=\"238\" srcset=\"https:\/\/pembrokediocese.com\/wp-content\/uploads\/bishop-obrian-with-JPII.png 238w, https:\/\/pembrokediocese.com\/wp-content\/uploads\/bishop-obrian-with-JPII-150x150.png 150w, https:\/\/pembrokediocese.com\/wp-content\/uploads\/bishop-obrian-with-JPII-100x100.png 100w, https:\/\/pembrokediocese.com\/wp-content\/uploads\/bishop-obrian-with-JPII-210x210.png 210w\" sizes=\"(max-width: 238px) 100vw, 238px\" \/><p id=\"caption-attachment-1535\" class=\"wp-caption-text\">Mgr O\u2019Brien avec le pape Jean-Paul II<\/p><\/div>\n<p>Suite \u00e0 son ordination \u00e0 la pr\u00eatrise en 1968 \u00e0 Ottawa, il a servi dans plusieurs paroisses et comme co-directeur du Synode dioc\u00e9sain. De 1971 \u00e0 1974, il a \u00e9tudi\u00e9 \u00e0 Rome, o\u00f9 il a obtenu son Doctorat en Th\u00e9ologie morale de l\u2019Academic Alfonsianum de l\u2019Universit\u00e9 pontificale du Latran. Commen\u00e7ant en 1975, il a enseign\u00e9 plusieurs ann\u00e9es \u00e0 l\u2019Institute of Pastoral Studies \u00e0 l\u2019Universit\u00e9 Saint-Paul. En 1984, il est nomm\u00e9 cur\u00e9 de la paroisse St. Augustine\u2019s \u00e0 Ottawa. En 1987, il est nomm\u00e9 \u00e9v\u00eaque auxiliaire d\u2019Ottawa et ordonn\u00e9 \u00e0 l\u2019\u00e9piscopat le 29 juin 1987. En 1993, il est nomm\u00e9 \u00e9v\u00eaque de Pembroke et il est install\u00e9 le 29 juin 1993.<\/p>\n<p>Le 29 janvier 2001, il est install\u00e9 archev\u00eaque de St. John\u2019s, Terre-Neuve. Le 1er juin 2007, Monseigneur O\u2019Brien est nomm\u00e9 archev\u00eaque de Kingston. Apr\u00e8s 12 ann\u00e9es \u00e0 guider les fid\u00e8les de Kingston, Monseigneur O\u2019Brien prend sa retraite et devient archev\u00eaque-\u00e9m\u00e9rite de Kingston le 3 mai 2019.<\/p>\n<p>Monseigneur O\u2019Brien a \u00e9t\u00e9 Pr\u00e9sident de la Conf\u00e9rence des \u00e9v\u00eaques catholiques du Canada (2003-2005) et il est membre de la Commission Justice et Paix de la CECC. Par le pass\u00e9, il a servi comme membre de plusieurs comit\u00e9s de l\u2019Assembl\u00e9e des \u00e9v\u00eaques catholiques de l\u2019Ontario, et de l\u2019Assembl\u00e9e des \u00e9v\u00eaques du Qu\u00e9bec. Il a aussi \u00e9t\u00e9 aum\u00f4nier d\u2019\u00e9tat pour les Chevaliers de Colomb de l\u2019Ontario.<\/p>\n<h3>Armoiries<\/h3>\n<p style=\"text-align: left;\"><img loading=\"lazy\" decoding=\"async\" class=\"wp-image-1529 size-medium alignleft\" src=\"https:\/\/pembrokediocese.com\/wp-content\/uploads\/Coat_of_arms_of_Brendan_Michael_OBrien.svg_-281x300.png\" alt=\"\" width=\"281\" height=\"300\" srcset=\"https:\/\/pembrokediocese.com\/wp-content\/uploads\/Coat_of_arms_of_Brendan_Michael_OBrien.svg_-281x300.png 281w, https:\/\/pembrokediocese.com\/wp-content\/uploads\/Coat_of_arms_of_Brendan_Michael_OBrien.svg_-961x1024.png 961w, https:\/\/pembrokediocese.com\/wp-content\/uploads\/Coat_of_arms_of_Brendan_Michael_OBrien.svg_-768x819.png 768w, https:\/\/pembrokediocese.com\/wp-content\/uploads\/Coat_of_arms_of_Brendan_Michael_OBrien.svg_-958x1021.png 958w, https:\/\/pembrokediocese.com\/wp-content\/uploads\/Coat_of_arms_of_Brendan_Michael_OBrien.svg_.png 1124w\" sizes=\"(max-width: 281px) 100vw, 281px\" \/><\/p>\n","protected":false},"excerpt":{"rendered":"<p>Monseigneur Brendan Michael O\u2019Brien, S.T.D. Biographie N\u00e9 : 28 septembre 1943 Ordonn\u00e9 pr\u00eatre\u00a0: le 1er juin 1968 Nomm\u00e9 \u00e9v\u00eaque de Numana\u00a0: le 9 mai 1987 Nomm\u00e9 \u00e9v\u00eaque auxiliaire d\u2019Ottawa\u00a0: le 9 mai 1987 Ordonn\u00e9 \u00e9v\u00eaque\u00a0: le 29 juin 1987 Nomm\u00e9 \u00e9v\u00eaque de Pembroke\u00a0: le 5 mai 1993 Install\u00e9 \u00e9v\u00eaque de Pembroke\u00a0: le 29 juin 1993 Nomm\u00e9 archev\u00eaque de St. John\u2019s\u00a0: le 4 d\u00e9cembre 2000 Nomm\u00e9 archev\u00eaque de Kingston\u00a0: le 1 juin 2007 Retraite\u00a0: le 3 mai 2019 Monseigneur O\u2019Brien est n\u00e9 \u00e0 Ottawa, Ontario, le 28 septembre 1943. Il es l\u2019a\u00een\u00e9 de sept enfant de feu Redmond O\u2019Brien et de feue Margaret Foran. Il a fr\u00e9quent\u00e9 l\u2019Universit\u00e9 d\u2019Ottawa et l\u2019Universit\u00e9 Saint-Paul, Ottawa, Ontario, o\u00f9 il a obtenu ses dipl\u00f4mes en philosophies et th\u00e9ologies. Suite \u00e0 son ordination \u00e0 la pr\u00eatrise en 1968 \u00e0 Ottawa, il a servi dans plusieurs paroisses et comme co-directeur du Synode dioc\u00e9sain. De 1971 \u00e0 1974, il a \u00e9tudi\u00e9 \u00e0 Rome, o\u00f9 il a obtenu son Doctorat en Th\u00e9ologie morale de l\u2019Academic Alfonsianum de l\u2019Universit\u00e9 pontificale du Latran. Commen\u00e7ant en 1975, il a enseign\u00e9 plusieurs ann\u00e9es \u00e0 l\u2019Institute of Pastoral Studies \u00e0 l\u2019Universit\u00e9 Saint-Paul. En 1984, il est nomm\u00e9 cur\u00e9 de la paroisse St. Augustine\u2019s \u00e0 Ottawa. En 1987, il est nomm\u00e9 \u00e9v\u00eaque auxiliaire d\u2019Ottawa et ordonn\u00e9 \u00e0 l\u2019\u00e9piscopat le 29 juin 1987. En 1993, il est nomm\u00e9 \u00e9v\u00eaque de Pembroke et il est install\u00e9 le 29 juin 1993. Le 29 janvier 2001, il est install\u00e9 archev\u00eaque de St. John\u2019s, Terre-Neuve. Le 1er juin 2007, Monseigneur O\u2019Brien est nomm\u00e9 archev\u00eaque de Kingston. Apr\u00e8s 12 ann\u00e9es \u00e0 guider les fid\u00e8les de Kingston, Monseigneur O\u2019Brien prend sa retraite et devient archev\u00eaque-\u00e9m\u00e9rite de Kingston le 3 mai 2019. Monseigneur O\u2019Brien a \u00e9t\u00e9 Pr\u00e9sident de la Conf\u00e9rence des \u00e9v\u00eaques catholiques du Canada (2003-2005) et il est membre de la Commission Justice et Paix de la CECC. Par le pass\u00e9, il a servi comme membre de plusieurs comit\u00e9s de l\u2019Assembl\u00e9e des \u00e9v\u00eaques catholiques de l\u2019Ontario, et de l\u2019Assembl\u00e9e des \u00e9v\u00eaques du Qu\u00e9bec. Il a aussi \u00e9t\u00e9 aum\u00f4nier d\u2019\u00e9tat pour les Chevaliers de Colomb de l\u2019Ontario. Armoiries<\/p>\n","protected":false},"author":1,"featured_media":0,"parent":1176,"menu_order":0,"comment_status":"closed","ping_status":"closed","template":"","meta":{"_monsterinsights_skip_tracking":false,"_monsterinsights_sitenote_active":false,"_monsterinsights_sitenote_note":"","_monsterinsights_sitenote_category":0,"footnotes":"","_links_to":"","_links_to_target":""},"class_list":["post-2752","page","type-page","status-publish","hentry"],"post_mailing_queue_ids":[],"_links":{"self":[{"href":"https:\/\/pembrokediocese.com\/fr\/wp-json\/wp\/v2\/pages\/2752","targetHints":{"allow":["GET"]}}],"collection":[{"href":"https:\/\/pembrokediocese.com\/fr\/wp-json\/wp\/v2\/pages"}],"about":[{"href":"https:\/\/pembrokediocese.com\/fr\/wp-json\/wp\/v2\/types\/page"}],"author":[{"embeddable":true,"href":"https:\/\/pembrokediocese.com\/fr\/wp-json\/wp\/v2\/users\/1"}],"replies":[{"embeddable":true,"href":"https:\/\/pembrokediocese.com\/fr\/wp-json\/wp\/v2\/comments?post=2752"}],"version-history":[{"count":0,"href":"https:\/\/pembrokediocese.com\/fr\/wp-json\/wp\/v2\/pages\/2752\/revisions"}],"up":[{"embeddable":true,"href":"https:\/\/pembrokediocese.com\/fr\/wp-json\/wp\/v2\/pages\/1176"}],"wp:attachment":[{"href":"https:\/\/pembrokediocese.com\/fr\/wp-json\/wp\/v2\/media?parent=2752"}],"curies":[{"name":"wp","href":"https:\/\/api.w.org\/{rel}","templated":true}]}}

<h1>Monseigneur Brendan Michael O’Brien, S.T.D.</h1>
<h3>Biographie</h3>
<p><img loading="lazy" decoding="async" class="wp-image-1527 size-full alignleft" src="https://pembrokediocese.com/wp-content/uploads/bishopmichaelobrien.jpg" alt="" width="201" height="275" /></p>
<p><strong>Né : </strong>28 septembre 1943<strong><br />
Ordonné prêtre :</strong> le 1er juin 1968<br />
<strong>Nommé évêque de Numana :</strong> le 9 mai 1987<br />
<strong>Nommé évêque auxiliaire d’Ottawa :</strong> le 9 mai 1987<br />
<strong>Ordonné évêque :</strong> le 29 juin 1987<br />
<strong>Nommé évêque de Pembroke :</strong> le 5 mai 1993<br />
<strong>Installé évêque de Pembroke :</strong> le 29 juin 1993<br />
<strong>Nommé archevêque de St. John’s :</strong> le 4 décembre 2000<br />
<strong>Nommé archevêque de Kingston :</strong> le 1 juin 2007<br />
<strong>Retraite :</strong> le 3 mai 2019</p>
<p>Monseigneur O’Brien est né à Ottawa, Ontario, le 28 septembre 1943. Il es l’aîné de sept enfant de feu Redmond O’Brien et de feue Margaret Foran.</p>
<p>Il a fréquenté l’Université d’Ottawa et l’Université Saint-Paul, Ottawa, Ontario, où il a obtenu ses diplômes en philosophies et théologies.</p>
<div id="attachment_1535" style="width: 248px" class="wp-caption alignright"><img loading="lazy" decoding="async" aria-describedby="caption-attachment-1535" class="wp-image-1535 size-full" src="https://pembrokediocese.com/wp-content/uploads/bishop-obrian-with-JPII.png" alt="" width="238" height="238" srcset="https://pembrokediocese.com/wp-content/uploads/bishop-obrian-with-JPII.png 238w, https://pembrokediocese.com/wp-content/uploads/bishop-obrian-with-JPII-150x150.png 150w, https://pembrokediocese.com/wp-content/uploads/bishop-obrian-with-JPII-100x100.png 100w, https://pembrokediocese.com/wp-content/uploads/bishop-obrian-with-JPII-210x210.png 210w" sizes="(max-width: 238px) 100vw, 238px" /><p id="caption-attachment-1535" class="wp-caption-text">Mgr O’Brien avec le pape Jean-Paul II</p></div>
<p>Suite à son ordination à la prêtrise en 1968 à Ottawa, il a servi dans plusieurs paroisses et comme co-directeur du Synode diocésain. De 1971 à 1974, il a étudié à Rome, où il a obtenu son Doctorat en Théologie morale de l’Academic Alfonsianum de l’Université pontificale du Latran. Commençant en 1975, il a enseigné plusieurs années à l’Institute of Pastoral Studies à l’Université Saint-Paul. En 1984, il est nommé curé de la paroisse St. Augustine’s à Ottawa. En 1987, il est nommé évêque auxiliaire d’Ottawa et ordonné à l’épiscopat le 29 juin 1987. En 1993, il est nommé évêque de Pembroke et il est installé le 29 juin 1993.</p>
<p>Le 29 janvier 2001, il est installé archevêque de St. John’s, Terre-Neuve. Le 1er juin 2007, Monseigneur O’Brien est nommé archevêque de Kingston. Après 12 années à guider les fidèles de Kingston, Monseigneur O’Brien prend sa retraite et devient archevêque-émérite de Kingston le 3 mai 2019.</p>
<p>Monseigneur O’Brien a été Président de la Conférence des évêques catholiques du Canada (2003-2005) et il est membre de la Commission Justice et Paix de la CECC. Par le passé, il a servi comme membre de plusieurs comités de l’Assemblée des évêques catholiques de l’Ontario, et de l’Assemblée des évêques du Québec. Il a aussi été aumônier d’état pour les Chevaliers de Colomb de l’Ontario.</p>
<h3>Armoiries</h3>
<p style="text-align: left;"><img loading="lazy" decoding="async" class="wp-image-1529 size-medium alignleft" src="https://pembrokediocese.com/wp-content/uploads/Coat_of_arms_of_Brendan_Michael_OBrien.svg_-281x300.png" alt="" width="281" height="300" srcset="https://pembrokediocese.com/wp-content/uploads/Coat_of_arms_of_Brendan_Michael_OBrien.svg_-281x300.png 281w, https://pembrokediocese.com/wp-content/uploads/Coat_of_arms_of_Brendan_Michael_OBrien.svg_-961x1024.png 961w, https://pembrokediocese.com/wp-content/uploads/Coat_of_arms_of_Brendan_Michael_OBrien.svg_-768x819.png 768w, https://pembrokediocese.com/wp-content/uploads/Coat_of_arms_of_Brendan_Michael_OBrien.svg_-958x1021.png 958w, https://pembrokediocese.com/wp-content/uploads/Coat_of_arms_of_Brendan_Michael_OBrien.svg_.png 1124w" sizes="(max-width: 281px) 100vw, 281px" /></p>

<p>Monseigneur Brendan Michael O’Brien, S.T.D. Biographie Né : 28 septembre 1943 Ordonné prêtre : le 1er juin 1968 Nommé évêque de Numana : le 9 mai 1987 Nommé évêque auxiliaire d’Ottawa : le 9 mai 1987 Ordonné évêque : le 29 juin 1987 Nommé évêque de Pembroke : le 5 mai 1993 Installé évêque de Pembroke : le 29 juin 1993 Nommé archevêque de St. John’s : le 4 décembre 2000 Nommé archevêque de Kingston : le 1 juin 2007 Retraite : le 3 mai 2019 Monseigneur O’Brien est né à Ottawa, Ontario, le 28 septembre 1943. Il es l’aîné de sept enfant de feu Redmond O’Brien et de feue Margaret Foran. Il a fréquenté l’Université d’Ottawa et l’Université Saint-Paul, Ottawa, Ontario, où il a obtenu ses diplômes en philosophies et théologies. Suite à son ordination à la prêtrise en 1968 à Ottawa, il a servi dans plusieurs paroisses et comme co-directeur du Synode diocésain. De 1971 à 1974, il a étudié à Rome, où il a obtenu son Doctorat en Théologie morale de l’Academic Alfonsianum de l’Université pontificale du Latran. Commençant en 1975, il a enseigné plusieurs années à l’Institute of Pastoral Studies à l’Université Saint-Paul. En 1984, il est nommé curé de la paroisse St. Augustine’s à Ottawa. En 1987, il est nommé évêque auxiliaire d’Ottawa et ordonné à l’épiscopat le 29 juin 1987. En 1993, il est nommé évêque de Pembroke et il est installé le 29 juin 1993. Le 29 janvier 2001, il est installé archevêque de St. John’s, Terre-Neuve. Le 1er juin 2007, Monseigneur O’Brien est nommé archevêque de Kingston. Après 12 années à guider les fidèles de Kingston, Monseigneur O’Brien prend sa retraite et devient archevêque-émérite de Kingston le 3 mai 2019. Monseigneur O’Brien a été Président de la Conférence des évêques catholiques du Canada (2003-2005) et il est membre de la Commission Justice et Paix de la CECC. Par le passé, il a servi comme membre de plusieurs comités de l’Assemblée des évêques catholiques de l’Ontario, et de l’Assemblée des évêques du Québec. Il a aussi été aumônier d’état pour les Chevaliers de Colomb de l’Ontario. Armoiries</p>
